ose 1567815 = -4*q + 131*q. What is the thousands digit of q?
2
Let j(n) = -6124*n + 408. What is the hundreds digit of j(-7)?
2
Let v(z) = 389*z**2 - 364*z - 47. What is the units digit of v(7)?
6
Let h = -1543 - 792. Let p = -1243 - h. What is the tens digit of p?
9
Let b(q) = -1057*q - 129. Let y be b(-5). Suppose -198*f + y = -194*f. What is the units digit of f?
9
Let c = -65836 - -103309. What is the ten thousands digit of c?
3
Let l(k) = 4*k**2 - k - 3 - k**3 - 3*k + 0*k + 2*k. Let w be l(3). Suppose w = g - 59 + 32. What is the tens digit of g?
2
Suppose 5*x = 2*y + 45, -x = y + 3*y + 13. Suppose -z - 4*k + 277 = -x*k, -z + 4*k = -281. What is the units digit of z?
5
Let c = 23974 - 16616. What is the tens digit of c?
5
Let k be 0 + (2 - 3) + 5. Suppose -2*n - k*h = -176, -n - h = -26 - 62. Let b = n + -53. What is the units digit of b?
5
Let k = 42 - 427. What is the tens digit of (40/28)/((-5)/k)?
1
Let a(u) = 2603*u**2 + 1. Let h be a(-1). Let o(q) = 16*q + 212. Let x be o(-13). Suppose -x*w = 8*w - h. What is the hundreds digit of w?
2
Suppose 78*s - 465713 - 703689 + 258752 = 0. What is the ten thousands digit of s?
1
Suppose 290*w = 1947962 + 3346858. What is the tens digit of w?
5
What is the tens digit of ((-42)/15)/((-9)/92475)?
7
What is the hundreds digit of ((-172)/(-5))/(-11*58/(-87725))?
7
Let q(c) be the second derivative of c**4/6 - 17*c**3/6 - 3*c**2 + 45*c. What is the units digit of q(9)?
3
Let g = 1093 - 438. Let a(s) = 5*s**2 + g - s**3 - 9*s + 13*s**2 - 660. What is the units digit of a(17)?
1
Let f(c) = -2*c - 1. Let u(l) = -3*l - 3. Let r(t) = -5*f(t) + 3*u(t). Let y be r(3). What is the hundreds digit of y*(-108 - 0) + 1?
1
Let z(r) = r**3 - 8*r**2 - 23*r - 6. Let t = -85 + 89. Let x(u) = u**3 - 11*u - 9. Let i be x(t). What is the units digit of z(i)?
4
Suppose 203*p - 704204 - 45881 = 0. What is the hundreds digit of p?
6
Suppose 3*o + 3*o + 388 = -4*a, -94 = a + o. Let x(c) = -30*c - 3. Let f be x(-2). Let q = f - a. What is the tens digit of q?
4
Suppose -82742 - 30860 = -4*j + h, 4*h + 85182 = 3*j. What is the units digit of j?
2
Suppose -3 + 28 = -5*j. What is the tens digit of 33/(-55) + (-2338)/j?
6
Let v be (-32)/(-12)*3/(-4)*-1. Suppose 69 + 259 = v*k. Let c = k + -91. What is the units digit of c?
3
Let p(c) be the second derivative of c**4/12 + 2*c**3/3 - 21*c**2/2 - 32*c. Let r be p(-8). Suppose -r*b = -4*b - 1036. What is the tens digit of b?
4
Suppose -58 = h - 295. Suppose -h = 9*p - 1461. Let n = -50 + p. What is the units digit of n?
6
Let d be -4*(-107)/28 + (-6)/21. What is the units digit of 2998/d - (56/105)/(-4)?
0
Let s(v) = 3*v - 14. Let l be s(6). Suppose l*r = w + 7, w + 3*r - 14 = -0*w. Suppose 2*q - 407 = -5*m, -395 = -w*m + q - 6*q. What is the units digit of m?
3
Let a = -19468 - -54898. What is the thousands digit of a?
5
Let t be ((-5)/1 - -5)/4. Suppose -k + 2*m + 493 = t, 234 + 2249 = 5*k - 4*m. What is the tens digit of k?
9
Let y(g) = 12*g**3 + 395*g**2 - 27*g + 44. What is the thousands digit of y(-26)?
6
Let i = -165 - -108. Let n = -57 - i. Suppose n = 5*k + 3*t - 122, -4 = 3*t + t. What is the tens digit of k?
2
Let g(o) = 18 - 2*o - 10 - 3*o + 32. What is the tens digit of g(-10)?
9
Let a = 12692 - 3273. What is the thousands digit of a?
9
Let b(m) = -m**3 + 39*m**2 + 8*m - 871. What is the hundreds digit of b(30)?
4
Suppose 2*t + 4*o = 964, 0 = -4*t - 0*o - 5*o + 1931. Suppose 3*m - 533 - t = 0. What is the hundreds digit of m?
3
Let c(g) be the second derivative of -g**3/6 - 9*g**2/2 + 22*g. Let p be c(-13). Suppose 464 = p*x + 4*k, -k = 5*x + 3*k - 582. What is the units digit of x?
8
Let t(x) = 7*x - 35. Let y be t(28). Suppose 0 = -3*l + 3*w - 54 - 243, -4*l - 2*w = 372. Let d = l + y. What is the tens digit of d?
6
Suppose 0 = 37*z - 393 - 162. Let g(j) = 6*j**2 + 6. What is the tens digit of g(z)?
5
Suppose -262*l = -516*l + 261*l - 19187. What is the tens digit of l?
4
Let x = 461 - 459. Suppose -169 = -y + x*g + 125, 4*g = -5*y + 1442. What is the hundreds digit of y?
2
Suppose 3*v - 3*t = 846, 3*v = 2*t + 616 + 229. Let a = 1089 - v. What is the units digit of a?
8
Let h be (-9)/(-3)*(-12)/(-18). Suppose g = -h*z + 87, -7*g + 134 = 3*z - 2*g. Let i = z + 45. What is the units digit of i?
8
Let k be 20*(-3 - (-889)/14). Let b = k + -218. What is the tens digit of b?
9
Suppose 0 = 2*p - 7*g - 15852, 6*g = -5*p + 9*g + 39601. What is the units digit of p?
9
Let o = 30387 - 3614. What is the hundreds digit of o?
7
Let f(k) = k**3 - 31*k**2 + 11*k + 264. What is the hundreds digit of f(42)?
1
Suppose 16*r = 33*r - 19*r + 115706. What is the ten thousands digit of r?
5
Let o(z) = z**2 + 11*z - 60. Let r be o(-15). Suppose r = 6*g - 543 - 1119. What is the units digit of g?
7
Let v be 3744*(4/7)/((-66)/(-77)). Suppose -27*k + 31*k - v = 0. What is the hundreds digit of k?
6
Suppose a + 3 = 13. Suppose 58 - 86 = -o. Suppose -r + o = a. What is the units digit of r?
8
Let z(h) = 2*h**3 - 13*h**2 + 16*h + 11. Suppose 50 = 3*m + 23. What is the units digit of z(m)?
0
Let x(n) = n**3 - 13*n**2 + 23*n - 9. Let t be x(11). Suppose 2*z + 5*y - 757 = 0, -t*z - 2*z + 4*y = -1500. What is the tens digit of z?
7
Let s = -351 + 354. Suppose -5*z + 1303 = -3*a, 3*a = s*z - 435 - 348. What is the hundreds digit of z?
2
Suppose 12*k - 90 = -66. What is the tens digit of k/7 - 32855/(-35)?
3
Let c be (1*8)/(4/150). Suppose 10*u = -c + 4050. What is the tens digit of u?
7
Let a(h) = -h**2 + 10*h - 19. Suppose -4*p + 16 + 8 = 0. Let c be a(p). Let q(y) = 5*y**2 + y - 13. What is the tens digit of q(c)?
1
Let u(o) = 2*o - 5 - o - 31 - 8*o. Let y be u(-5). Let r(t) = 115*t**2 + 4*t + 5. What is the units digit of r(y)?
6
Let s(w) = -14*w - 51. Suppose -5*t - 14 = -x + 45, 5*x = 3*t + 383. Suppose 5*v - 3*r - r + x = 0, 2*r = -v - 13. What is the units digit of s(v)?
9
Let n(k) = k**3 + 18*k**2 + 26*k + 19. Suppose -5*r - 5*z - 40 = 0, 0 = -4*r + 8*z - 4*z - 48. What is the units digit of n(r)?
9
What is the thousands digit of -1*(4 + -13) + -1 + 9168?
9
Suppose -5*u + 2*m = -3*m + 10, -5*u - 5*m + 10 = 0. Let x(j) = -j**2 + 432. What is the hundreds digit of x(u)?
4
Suppose 191*u - 630450 = 161*u. What is the hundreds digit of u?
0
Suppose 63*n + 34*n - 258435 - 153621 = 0. What is the units digit of n?
8
Let i(d) = -10*d + 32. Let x(m) = -1. Let p(n) = -i(n) + 5*x(n). Let t be p(15). Suppose 0 = 5*f - 7*c + 4*c - 310, c - t = -2*f. What is the units digit of f?
9
Let g = -7620 + 13008. What is the tens digit of g?
8
Let b(x) = x**2 + 3*x - 19. Let l be b(8). Suppose -t + 94 = l. What is the units digit of (-26*t)/(-5) - -3?
3
Let h(w) = 6*w - 5. Let t(c) = 5*c - 6. Let s(u) = -6*h(u) + 7*t(u). Let j be s(-12). Suppose -453 = -j*f - 3*f. What is the hundreds digit of f?
1
Let q be (-3 - -2)*-1 + (-6)/(-3). What is the tens digit of (-10 - 0)/(-2) - (-227 + q)?
2
Suppose 16*t - 144200 + 28840 = 0. What is the thousands digit of t?
7
Let v = 239 - 462. Let z = 211 - v. What is the tens digit of z?
3
Suppose 5*u - 7 - 3 = 0. Let t(p) = p - 6. Let w be t(6). Suppose 3*k - 4*j + 25 = 218, 4*k - u*j - 264 = w. What is the units digit of k?
7
Let u be ((-4)/(-6) + 120/(-180))*(3 - 2). Suppose 0 = c - 4*y - 2 - 5, 0 = 4*c + 5*y - 91. Suppose -4*o - c + 95 = u. What is the tens digit of o?
1
Let f = 15 - -53. Let i = -16 + f. Suppose -2*q + i = 2*q. What is the units digit of q?
3
Let y(m) = -7*m - 85. Let l be y(-13). Suppose l*u - 939 = 147. What is the tens digit of u?
8
Let u = 704 + 174. Let s = u + -301. What is the units digit of s?
7
Suppose 2*g = -3*h - 2*h + 23, 0 = -3*g - 4*h + 24. Suppose -b - g*b = -15. Let x(j) = -j**3 + 6*j**2 - 4*j + 1. What is the units digit of x(b)?
6
Suppose -22*j = -1960 - 1120. What is the hundreds digit of j?
1
Suppose -4*a + 9 + 51 = 0. Suppose a*h + 6 = 16*h. What is the units digit of h?
6
Suppose -88*k - 29*k = -159*k + 623658. What is the hundreds digit of k?
8
What is the tens digit of (1518/(-990) - 2/(-6))/((-1)/20285)?
4
Let n(c) = 339*c - 11. Let z(f) = 339*f - 9. Let o(p) = -2*n(p) + 3*z(p). What is the units digit of o(1)?
4
Suppose -3*u = 5 - 23. Suppose 11*g = u*g. Suppose g*w + w - 79 = 0. What is the tens digit of w?
7
Suppose -3*g + 5*